ulate the remainder when 143 is divided by 37.
32
Calculate the remainder when 121 is divided by 20.
1
What is the remainder when 878 is divided by 225?
203
What is the remainder when 1482 is divided by 294?
12
Calculate the remainder when 12219 is divided by 4068.
15
What is the remainder when 338 is divided by 12?
2
Calculate the remainder when 326 is divided by 28.
18
What is the remainder when 76 is divided by 57?
19
What is the remainder when 312 is divided by 236?
76
What is the remainder when 85 is divided by 8?
5
Calculate the remainder when 120 is divided by 76.
44
Calculate the remainder when 501 is divided by 84.
81
Calculate the remainder when 73 is divided by 11.
7
Calculate the remainder when 539 is divided by 34.
29
What is the remainder when 26 is divided by 15?
11
Calculate the remainder when 554 is divided by 526.
28
Calculate the remainder when 224 is divided by 25.
24
What is the remainder when 57 is divided by 43?
14
What is the remainder when 220 is divided by 34?
16
Calculate the remainder when 477 is divided by 40.
37
What is the remainder when 314 is divided by 35?
34
What is the remainder when 50 is divided by 45?
5
What is the remainder when 3019 is divided by 126?
121
What is the remainder when 251 is divided by 112?
27
What is the remainder when 259 is divided by 26?
25
What is the remainder when 1067 is divided by 5?
2
Calculate the remainder when 228 is divided by 17.
7
Calculate the remainder when 358 is divided by 185.
173
Calculate the remainder when 2971 is divided by 76.
7
What is the remainder when 1177 is divided by 71?
41
What is the remainder when 2046 is divided by 2035?
11
What is the remainder when 5 is divided by 1?
0
Calculate the remainder when 54 is divided by 20.
14
Calculate the remainder when 127 is divided by 34.
25
Calculate the remainder when 303 is divided by 45.
33
What is the remainder when 843 is divided by 170?
163
Calculate the remainder when 126 is divided by 64.
62
Calculate the remainder when 233 is divided by 26.
25
What is the remainder when 7 is divided by 7?
0
What is the remainder when 4342 is divided by 106?
102
What is the remainder when 20 is divided by 20?
0
What is the remainder when 231 is divided by 28?
7
What is the remainder when 1316 is divided by 66?
62
Calculate the remainder when 1198 is divided by 75.
73
What is the remainder when 310 is divided by 13?
11
What is the remainder when 392 is divided by 19?
12
Calculate the remainder when 1271 is divided by 316.
7
Calculate the remainder when 10997 is divided by 50.
47
Calculate the remainder when 190 is divided by 85.
20
Calculate the remainder when 499 is divided by 21.
16
What is the remainder when 192 is divided by 82?
28
What is the remainder when 441 is divided by 28?
21
What is the remainder when 875 is divided by 88?
83
What is the remainder when 13188 is divided by 136?
132
What is the remainder when 124 is divided by 45?
34
Calculate the remainder when 86 is divided by 13.
8
What is the remainder when 532 is divided by 265?
2
What is the remainder when 79 is divided by 28?
23
What is the remainder when 814 is divided by 117?
112
Calculate the remainder when 179 is divided by 14.
11
Calculate the remainder when 1053 is divided by 152.
141
Calculate the remainder when 1273 is divided by 36.
13
Calculate the remainder when 149 is divided by 60.
29
Calculate the remainder when 363 is divided by 6.
3
Calculate the remainder when 80 is divided by 12.
8
Calculate the remainder when 407 is divided by 110.
77
Calculate the remainder when 199 is divided by 56.
31
What is the remainder when 75 is divided by 31?
13
What is the remainder when 3318 is divided by 13?
3
What is the remainder when 143 is divided by 24?
23
Calculate the remainder when 578 is divided by 52.
6
Calculate the remainder when 274 is divided by 22.
10
What is the remainder when 773 is divided by 9?
8
Calculate the remainder when 22385 is divided by 182.
181
What is the remainder when 84 is divided by 22?
18
What is the remainder when 9719 is divided by 24?
23
Calculate the remainder when 899 is divided by 204.
83
Calculate the remainder when 298 is divided by 15.
13
What is the remainder when 15118 is divided by 90?
88
What is the remainder when 4082 is divided by 1360?
2
Calculate the remainder when 330 is divided by 82.
2
Calculate the remainder when 1147 is divided by 106.
87
What is the remainder when 221 is divided by 208?
13
What is the remainder when 1063 is divided by 14?
13
What is the remainder when 3179 is divided by 23?
5
Calculate the remainder when 30 is divided by 10.
0
Calculate the remainder when 115 is divided by 71.
44
What is the remainder when 395 is divided by 38?
15
What is the remainder when 252 is divided by 9?
0
What is the remainder when 15 is divided by 4?
3
Calculate the remainder when 227 is divided by 181.
46
What is the remainder when 3475 is divided by 10?
5
What is the remainder when 730 is divided by 45?
10
What is the remainder when 1680 is divided by 41?
40
Calculate the remainder when 265 is divided by 91.
83
What is the remainder when 81 is divided by 39?
3
Calculate the remainder when 185 is divided by 21.
17
Calculate the remainder when 313 is divided by 45.
43
Calculate the remainder when 2995 is divided by 618.
523
What is the remainder when 346 is divided by 315?
31
What is the remainder when 567 is divided by 73?
56
What is the remainder when 335 is divided by 64?
15
What is the remainder when 190 is divided by 75?
40
Calculate the remainder when 433 is divided by 161.
111
Calculate the remainder when 1432 is divided by 131.
122
Calculate the remainder when 1221 is divided by 137.
125
Calculate the remainder when 3887 is divided by 8.
7
What is the remainder when 150 is divided by 19?
17
Calculate the remainder when 164 is divided by 36.
20
Calculate the remainder when 200 is divided by 46.
16
Calculate the remainder when 447 is divided by 28.
27
Calculate the remainder when 223 is divided by 15.
13
What is the remainder when 138 is divided by 122?
16
What is the remainder when 293 is divided by 179?
114
Calculate the remainder when 1277 is divided by 32.
29
What is the remainder when 1276 is divided by 619?
38
Calculate the remainder when 183 is divided by 32.
23
Calculate the remainder when 697 is divided by 9.
4
What is the remainder when 1447 is divided by 348?
55
What is the remainder when 372 is divided by 16?
4
Calculate the remainder when 640 is divided by 53.
4
What is the remainder when 44 is divided by 5?
4
Calculate the remainder when 2064 is divided by 53.
50
What is the remainder when 1387 is divided by 360?
307
What is the remainder when 308 is divided by 23?
9
What is the remainder when 1313 is divided by 9?
8
Calculate the remainder when 1034 is divided by 515.
4
Calculate the remainder when 277 is divided by 139.
138
Calculate the remainder when 667 is divided by 45.
37
Calculate the remainder when 411 is divided by 114.
69
What is the remainder when 10007 is divided by 139?
138
Calculate the remainder when 52 is divided by 28.
24
Calculate the remainder when 1356 is divided by 195.
186
What is the remainder when 299 is divided by 43?
41
Calculate the remainder when 6152 is divided by 439.
6
What is the remainder when 447 is divided by 89?
2
Calculate the remainder when 298 is divided by 31.
19
What is the remainder when 611 is divided by 152?
3
Calculate the remainder when 5217 is divided by 60.
57
What is the remainder when 1090 is divided by 27?
10
What is the remainder when 64 is divided by 13?
12
Calculate the remainder when 134 is divided by 15.
14
What is the remainder when 2374 is divided by 114?
94
Calculate the remainder when 90 is divided by 30.
0
What is the remainder when 37 is divided by 14?
9
Calculate the remainder when 343 is divided by 65.
18
Calculate the remainder when 291 is divided by 42.
39
What is the remainder when 2780 is divided by 309?
308
Calculate the remainder when 2109 is divided by 14.
9
Calculate the remainder when 756 is divided by 127.
121
Calculate the remainder when 17 is divided by 4.
1
Calculate the remainder when 84 is divided by 2.
0
What is the remainder when 81 is divided by 42?
39
What is the remainder when 6296 is divided by 225?
221
Cal